 - 7*f**2 - 6*f + 3. Let j = -8 - -12. Suppose 0 = j*h + 4*u + 44, h + 20 = -4*h + 2*u. What is r(h)?
3
Let q = -130 + 133. Let u(f) be the third derivative of -f**7/5040 + f**6/720 + f**5/60 + 2*f**2. Let d(w) be the third derivative of u(w). Calculate d(q).
-2
Let u(o) = -o**3 + 6*o**2 - 3*o - 11. Let n be u(5). Let r(b) = 4*b**3. Give r(n).
-4
Let n(z) = -z**3 - 5*z**2 - 2*z + 3. Suppose -2*s = 3*q + 2 + 9, 0 = s + 3*q + 10. Let p(k) = 5*k**3 + 2*k**2 + 2*k + 1. Let j be p(s). What is n(j)?
-5
Let s(r) = -2*r - 6. Let v(y) = -3*y - 7. Let m(h) = -6*s(h) + 5*v(h). Suppose -4*o - 1 - 3 = 0. Calculate m(o).
4
Let c(w) be the second derivative of -w**5/20 + 7*w**4/12 + w**2/2 + 13*w. What is c(7)?
1
Let i(l) be the second derivative of -l**3/6 - 2*l**2 - 38*l. Give i(-9).
5
Suppose -2 = -g + 1, -2*g - 39 = -5*q. Let x(v) = -v + 10. Give x(q).
1
Suppose 17 = -f + 11. Let h(j) = -j - 1. Determine h(f).
5
Let l(c) = -c**2 + 11*c - 9. Let i(q) = 2*q**2 - 21*q + 17. Let x(g) = -4*i(g) - 7*l(g). Calculate x(6).
1
Suppose 0 = -2*p - 3 + 1. Let r = 15 + -9. Let m(a) = 3*a - 4 - r*a + 4. Calculate m(p).
3
Let q = -5 - -10. Suppose -13 = -c + 5*d, -4*c + 0*c - 3*d = -6. Suppose 6*f - 30 = f + q*g, c*g = -3. Let r(w) = -w**2 + 5*w - 7. Determine r(f).
-7
Let r(g) = -15*g + 34. Let w(v) = 7*v - 17. Let u(h) = -6*r(h) - 13*w(h). Determine u(10).
7
Let i be 8/12 - (-5)/(-3). Let p(g) = -8*g**3 + 2*g + 1. Give p(i).
7
Let d(g) = -3 + 6*g**2 + 2 + 0. Suppose 4*l = -3*k + 16, 2*k + l = -0*l + 9. Let b = -5 + k. Determine d(b).
5
Let l(m) = -m**2 + 9*m + 15*m - 23*m - 14. Give l(0).
-14
Let k = 106 - 108. Let w(m) = 3*m**2 + m - 2. What is w(k)?
8
Let l(h) = h**3 + 3*h**2 - 4*h - 4. Let s(j) = j**3 + 3*j**2 - 4*j - 4. Let y(i) = 2*l(i) - 3*s(i). Calculate y(-4).
4
Let o(t) = 17*t + 11*t**2 - 13*t - 6 - 9*t**2. What is o(-5)?
24
Let d(f) = 22*f**2 - 2*f + 1. Let p be d(1). Let b = -14 + p. Let o(h) = 2 - b*h + 10 - 5 + 8*h. Determine o(-6).
1
Let s(d) = 74*d**2 - 71*d**2 - d + 3*d. Calculate s(-2).
8
Suppose -8 = -5*c - 33, 0 = 5*z - 4*c. Let m = -26 + 56. Let o be m/9*(-6)/z. Let j(a) = -a**2 + 4*a - 1. Calculate j(o).
-6
Let j(r) = r**3 + 5*r**2 + 3*r - 4. Suppose -3 = -3*d + p + 2, 0 = -2*d - p + 5. Suppose 3*o - c + 9 = 2*c, -5 = d*o - 3*c. Determine j(o).
0
Let y(n) = 3*n + 7. Let a(h) = -h + 1. Let r(m) = 2*a(m) + y(m). What is r(-5)?
4
Let y(a) = 2*a**2 + 5*a + 2. Let b(n) = n**3 - 5*n**2 + 13. Let j be b(4). Determine y(j).
5
Let m(l) = -l + 1. Suppose -3*t - 2*t + 10 = 0. Suppose -t*q = -4, q + 5 = 4*o - 9. Suppose -o*v + 18 = -5*y + 3*y, 0 = 4*v - 8. Determine m(y).
6
Let s(d) be the third derivative of d**7/5040 - d**6/90 + d**5/20 + 2*d**2. Let q(g) be the third derivative of s(g). What is q(0)?
-8
Suppose 3*r + 3*v = v + 6, -3*r = 3*v - 9. Let l(s) be the third derivative of s**6/120 + s**4/24 + 11*s**3/6 + 2*s**2 - 50. Calculate l(r).
11
Let t(m) = m**3 - 10*m**2 - 13*m + 15. Let c be t(11). Let k(j) = -j - 3. What is k(c)?
4
Let j(a) = a**2 - 12*a - 4*a + 21*a - 2*a**2. Determine j(3).
6
Let y = 81 - 82. Let f(k) = -14*k**2 + 1. What is f(y)?
-13
Let f(l) = 7*l**2 - 5*l + 6. Let k(r) = 3*r**2 - 3*r + 3. Let d(h) = 2*f(h) - 5*k(h). Give d(3).
3
Let p(h) = 2*h**3 - 2*h + 1. Let n = -4 + 7. Suppose -9*y + 19 = -4*y + 3*m, 0 = -4*y + 3*m - 1. Let q = n - y. Give p(q).
1
Let n(m) be the second derivative of m**4/12 - 7*m**3/6 + 2*m**2 - 12*m. Calculate n(5).
-6
Let s(y) = y**3 - 1 + y**3 + 3*y**3 - y. Let n(b) = -b. Let d(f) = n(f) + s(f). Give d(-1).
-4
Let p(n) = -n**3 - 4*n**2 + 6*n + 3. Let r = 26 + -15. Let x = 6 - r. Let v be x*2/(2 - 0). What is p(v)?
-2
Let v(q) = -3*q**2 - q + 1. Let j(g) = 2*g**2 - 1. Let r(b) = -4*j(b) - 3*v(b). Determine r(-5).
11
Let r(k) = k**3 - 6*k**2 - 1 - 4*k**3 + 2*k**3 + 6 - 4*k. Suppose -2*i + 5*i = t + 19, 4*t - i + 21 = 0. Give r(t).
-11
Suppose 8 = 6*v - 28. Let g(n) = n**2 - 8*n + 5. Determine g(v).
-7
Let p(r) = -2*r - 2. Let k = 10 - 15. Suppose h + 1 = -6. Let v = k - h. Calculate p(v).
-6
Let h(c) = c**3 + 3*c**2. Let k(g) = -g**3 + 3*g**2 - 3. Let p be k(3). Give h(p).
0
Let b be 17/6 - (-1)/6. Suppose -7*j + b*j = -160. Suppose 5*u = -5*f + j, -f + 8*u - 4*u = 7. Let h(i) = i**2 - 5*i - 2. Give h(f).
-2
Let b(y) be the second derivative of -11*y**5/20 + y**4/12 - y**2/2 + 7*y. What is b(1)?
-11
Let i = -5 - -4. Let r = 2 - i. Let n(p) = -p. Give n(r).
-3
Let z = 70 + -74. Let q(w) = 2*w + 5. Calculate q(z).
-3
Let n(s) = 4*s + 3*s**2 - 4*s**2 - s**2 + 2 - 1. Suppose 5*t - 7 - 18 = 0, -2*t = -5*v + 5. Give n(v).
-5
Let b(w) = w + 6. Let m be b(-5). Let a(f) = 8*f - 1. Let s(x) = -8*x + 1. Let u(p) = 2*a(p) + 3*s(p). Calculate u(m).
-7
Let s(c) be the second derivative of c**3/3 + 5*c**2 - 4*c. Give s(-7).
-4
Let j(u) = 2*u**2 - 12 + 0*u**2 + 0*u**2 + 10. Calculate j(-2).
6
Let q(x) = 2*x - 12. Suppose 4*k - 20 = -v, 4*k + 5*v - 20 = -0*v. Let p be q(k). Let d(a) = -3*a**2 - 4*a - 2. Give d(p).
-6
Let r(o) be the second derivative of -7*o**4/12 - o**3/6 - 2*o. Suppose 0*y + 2*y - 2 = 0. Calculate r(y).
-8
Suppose -12*k - 10 = -14*k. Let m(z) = -z + 11. What is m(k)?
6
Let b(h) = -7*h**3 + h**2 + h. Let k = 13 + -14. Calculate b(k).
7
Let c(q) be the second derivative of q**3/6 + q**2 + 3*q. Give c(4).
6
Suppose 0 = -2*k - 0*u + u + 1, 0 = -4*k - 5*u + 23. Let j = k - 1. Let c = j + -5. Let h(m) = -m**2 - 5*m + 1. Determine h(c).
5
Let p(y) = 9*y + y**3 - 8*y + 2 - 5 - 6*y**2. What is p(6)?
3
Let p(f) = 2*f + 1. Let t(n) = n. Let o(y) = 2*p(y) - 5*t(y). Suppose 0*c + c = 3. Give o(c).
-1
Let i(z) = -z**3 + 11*z**2 + 12*z + 9. Let n be i(12). Let a = 11 - n. Let o(g) = -27*g + 27. Let y(j) = -11*j + 11. Let f(h) = 5*o(h) - 12*y(h). What is f(a)?
-3
Let l = 96 + -92. Let k(s) = s**3 + s**2 + 4*s - 6 - 6*s**2 + 0*s**3. Give k(l).
-6
Let m(c) = 0 + 2*c + 1 + 0. Suppose 5*w + 2 = 5*t - 23, 5*w + 4*t + 7 = 0. Calculate m(w).
-5
Let x(g) be the second derivative of 6*g + 0*g**3 - 1/12*g**4 + 0 - 3*g**2. Let i be 4/(-10) + (-2)/(-5). What is x(i)?
-6
Let c = 0 + 2. Let x be 2/8 + (-7)/(-4). Let a(q) = -2 + x*q - 2*q + 6 - c*q. Calculate a(3).
-2
Let o(i) be the second derivative of i**5/60 + 5*i**4/24 - i**3/3 - 2*i**2 + 2*i. Let w(z) be the first derivative of o(z). Let h = 1 - 6. What is w(h)?
-2
Let h(k) = k**2 - 3*k - 3. Let q(y) = -y**2 - 8*y - 8. Let l be q(-7). Let d be (-5)/((-15)/(-12))*l. Determine h(d).
1
Suppose 2*o - 9 = -4*z + 3, 4*z + 3*o - 12 = 0. Let m(n) be the third derivative of 0*n + 5/24*n**4 + 0 - 1/3*n**z - 2*n**2 - 1/60*n**5. What is m(5)?
-2
Let n be 2 + 2 - -1*2. Let p(u) = u - 8. Give p(n).
-2
Let f(b) = 5*b**2 - 2*b + 1. Let k be 1 - 1 - (-4 - 6/(-2)). Let i(o) = 2*o**2 - o + 1. Let n be i(1). Let r = n - k. Determine f(r).
4
Let z(s) = s - 9. Let l(j) be the third derivative of -j**5/60 - j**4/12 + j**3/6 + j**2. Let p be l(-2). Let a = p + -1. Determine z(a).
-9
Let w(h) = -4*h - 2*h - 4 + 4 + 1. Let s(f) = 6*f - 2. Let d(j) = 3*s(j) + 4*w(j). Give d(-2).
10
Let y = 34 + -32. Let g(x) be the second derivative of 0*x**4 - 5/2*x**2 - 1/6*x**3 + 0 - y*x + 1/20*x**5. Determine g(0).
-5
Suppose -f = -2*v + v + 6, -3*f - 2*v - 13 = 0. Let q(j) = -2*j + j**2 + 5*j + 0*j. What is q(f)?
10
Let w(n) = -32*n**2 + 56*n**2 + n - 25*n**2 + 3. Calculate w(0).
3
Let r(a) = 18*a + 9*a + 8*a - 38*a - 6. What is r(-4)?
6
Let p be (12/7)/((-26)/(-91)). Suppose 1 + 3 = -3*n + 4*h, -2*h = 4*n - 24. Let o(i) = -4 + 4*i - i**2 + 5 + n. Give o(p).
-7
Let r(i) = i**3 + i**2 - 9. Suppose 12 = -c - 2*c - 4*p, 0 = -5*c - 3*p - 9. What is r(c)?
-9
Let s = 3 - 6. Let i be (-6)/s + (2 - 1). Let l(y) = 3*y**i + 0 + 1 - 5*y**3 - y**2. What is l(1)?
-2
Let n(q) = -4*q - 5. Let z(d) = -12*d - 14. Let p(y) = 17*n(y) - 6*z(y). Let g = -3 - -5. Determine p(g).
7
Let l be 2 + (1 - 3) + -16. Let b = -22 - l. Let r(x) = -3*x - 5. Give r(b).
13
Let x(f) = 2 + 3*f - f + f. Determine x(-5).
-13
Let x(c) be the first derivative of -c**5/60 - c**4/8 + 2*c**3/3 - c**2/2 - 1. Let t(z) be the second derivative of x(z). Give t(-4).
0
Let n(h) = h**2 + 4 + 0*h**2 - h - 2*h**2. Suppose 4*w = 2*w + 3*f + 6, 0 = 4*f + 8. Determine n(w).
4
Let b(k) = -k**3 + 8*k**2 + 8*k + 9. Suppose 8*x = 3*x + 3*o + 33, 0 = 2*x - 5*o + 2. Calculate b(